when 56598 is divided by 4824?
3534
Calculate the remainder when 21356075 is divided by 7118691.
2
Calculate the remainder when 2146731 is divided by 4529.
4514
Calculate the remainder when 1131728 is divided by 226309.
183
What is the remainder when 230936 is divided by 24?
8
Calculate the remainder when 647075404 is divided by 9862.
9860
Calculate the remainder when 6135503 is divided by 858.
803
Calculate the remainder when 261840 is divided by 21820.
0
Calculate the remainder when 1441724 is divided by 288260.
424
Calculate the remainder when 628943396 is divided by 25.
21
Calculate the remainder when 344994 is divided by 1487.
10
Calculate the remainder when 361347 is divided by 27576.
2859
What is the remainder when 1432444 is divided by 8404?
3764
What is the remainder when 680018 is divided by 194?
48
What is the remainder when 9448918 is divided by 312?
310
What is the remainder when 2212965 is divided by 2176?
2149
Calculate the remainder when 205987 is divided by 271.
27
Calculate the remainder when 14142944 is divided by 23.
14
What is the remainder when 41818394 is divided by 545?
544
What is the remainder when 34801714 is divided by 756558?
46
What is the remainder when 9016843 is divided by 12?
7
What is the remainder when 141705 is divided by 3729?
3
Calculate the remainder when 5912186 is divided by 2955861.
464
What is the remainder when 60962 is divided by 365?
7
Calculate the remainder when 233818 is divided by 16696.
74
Calculate the remainder when 182195 is divided by 116.
75
Calculate the remainder when 1067813 is divided by 177966.
17
What is the remainder when 77954202 is divided by 545134?
40
What is the remainder when 120274 is divided by 314?
12
What is the remainder when 1391301 is divided by 2611?
2249
Calculate the remainder when 46982 is divided by 4665.
332
Calculate the remainder when 491942 is divided by 2859.
194
What is the remainder when 31768 is divided by 1182?
1036
Calculate the remainder when 318818 is divided by 306.
272
What is the remainder when 132402012 is divided by 1867?
1840
Calculate the remainder when 2317876 is divided by 122.
120
Calculate the remainder when 11282182 is divided by 1182.
1174
What is the remainder when 257932 is divided by 653?
650
What is the remainder when 1210145 is divided by 1859?
1795
Calculate the remainder when 12726163 is divided by 182.
177
What is the remainder when 12140297 is divided by 1714?
35
What is the remainder when 7440410 is divided by 1488074?
40
What is the remainder when 267915 is divided by 2332?
2067
Calculate the remainder when 209772286 is divided by 128.
126
Calculate the remainder when 2056320 is divided by 602.
490
What is the remainder when 2543437 is divided by 43109?
6
What is the remainder when 70884182 is divided by 107?
106
What is the remainder when 1853430 is divided by 705?
690
What is the remainder when 105064 is divided by 17508?
16
Calculate the remainder when 444671 is divided by 12625.
2796
Calculate the remainder when 41682 is divided by 41002.
680
What is the remainder when 1521401 is divided by 1521317?
84
What is the remainder when 6638050 is divided by 288?
226
What is the remainder when 107181 is divided by 107003?
178
Calculate the remainder when 483691 is divided by 241823.
45
Calculate the remainder when 79465 is divided by 9925.
65
Calculate the remainder when 61014 is divided by 60079.
935
Calculate the remainder when 3184940 is divided by 1592467.
6
Calculate the remainder when 1555113 is divided by 141371.
32
What is the remainder when 82945 is divided by 4116?
625
What is the remainder when 124580 is divided by 6224?
100
Calculate the remainder when 87570 is divided by 11389.
7847
Calculate the remainder when 16631730 is divided by 270.
0
What is the remainder when 164669 is divided by 11410?
4929
Calculate the remainder when 7383156 is divided by 273450.
6
What is the remainder when 561794 is divided by 1062?
1058
Calculate the remainder when 523072553 is divided by 529.
527
Calculate the remainder when 153223034 is divided by 7333.
7332
What is the remainder when 53579807 is divided by 4?
3
What is the remainder when 5986100 is divided by 249413?
188
Calculate the remainder when 125585884 is divided by 62792935.
14
Calculate the remainder when 1058398 is divided by 211677.
13
Calculate the remainder when 156163669 is divided by 1079.
1078
Calculate the remainder when 1748443 is divided by 1072.
11
What is the remainder when 11886181 is divided by 45?
16
Calculate the remainder when 492852 is divided by 244.
216
Calculate the remainder when 998486 is divided by 1832.
46
Calculate the remainder when 1046422 is divided by 116250.
172
Calculate the remainder when 989859 is divided by 598.
169
What is the remainder when 11924149 is divided by 228?
205
Calculate the remainder when 679700 is divided by 67969.
10
What is the remainder when 3103755 is divided by 430?
15
What is the remainder when 67148 is divided by 22218?
494
Calculate the remainder when 12638178 is divided by 298.
296
What is the remainder when 689335 is divided by 343195?
2945
What is the remainder when 915332 is divided by 273?
236
Calculate the remainder when 3675296 is divided by 271.
265
What is the remainder when 21175590 is divided by 21175555?
35
What is the remainder when 18743 is divided by 86?
81
Calculate the remainder when 5335136 is divided by 7.
2
What is the remainder when 1718289 is divided by 14319?
9
What is the remainder when 13218171 is divided by 177?
165
What is the remainder when 1542238 is divided by 718?
692
What is the remainder when 181834639 is divided by 30919?
0
Calculate the remainder when 2207068 is divided by 36.
16
Calculate the remainder when 1421079 is divided by 710265.
549
What is the remainder when 30560 is divided by 6911?
2916
Calculate the remainder when 1307154 is divided by 77.
2
Calculate the remainder when 1027116 is divided by 342368.
12
What is the remainder when 59270 is divided by 89?
85
Calculate the remainder when 504828 is divided by 1256.
1172
Calculate the remainder when 2805964 is divided by 162.
124
What is the remainder when 1187403 is divided by 593668?
67
What is the remainder when 251766 is divided by 125654?
458
What is the remainder when 11520021 is divided by 819?
786
What is the remainder when 45245 is divided by 22532?
181
What is the remainder when 417953 is divided by 69175?
2903
What is the remainder when 15121202 is divided by 657443?
13
Calculate the remainder when 24401 is divided by 2019.
173
Calculate the remainder when 1618346 is divided by 1105.
626
Calculate the remainder when 82511 is divided by 3932.
3871
Calculate the remainder when 63987 is divided by 136.
67
What is the remainder when 93282046 is divided by 115021?
15
What is the remainder when 58059148 is divided by 2225?
2223
Calculate the remainder when 296953 is divided by 49460.
193
Calculate the remainder when 1056202 is divided by 732.
658
Calculate the remainder when 11072729 is divided by 1581798.
143
Calculate the remainder when 190064547 is divided by 870.
867
What is the remainder when 397664 is divided by 586?
356
What is the remainder when 5774842 is divided by 5774829?
13
What is the remainder when 64964474 is divided by 36293?
4
Calculate the remainder when 1295171 is divided by 7753.
420
What is the remainder when 10243 is divided by 1272?
67
Calculate the remainder when 1234981 is divided by 5464.
117
Calculate the remainder when 77766 is divided by 4320.
6
What is the remainder when 22388 is divided by 22346?
42
Calculate the remainder when 20456534 is divided by 20456532.
2
What is the remainder when 65963 is divided by 1086?
803
What is the remainder when 68727 is divided by 1963?
22
What is the remainder when 6889628 is divided by 3928?
3844
Calculate the remainder when 54540519 is divided by 1655.
1649
What is the remainder when 1018939 is divided by 24?
19
Calculate the remainder when 46898 is divided by 401.
382
Calculate the remainder when 1728580 is divided by 45.
40
What is the remainder when 28626 is divided by 2975?
1851
What is the remainder when 149220 is divided by 9498?
6750
Calculate the remainder when 46021 is divided by 638.
85
Calculate the remainder when 26917 is divided by 1748.
